{"id":2601,"date":"2026-02-21T13:22:51","date_gmt":"2026-02-21T13:22:51","guid":{"rendered":"https:\/\/tavaresborba.com.br\/?post_type=equipe&#038;p=2601"},"modified":"2026-03-09T09:14:47","modified_gmt":"2026-03-09T12:14:47","slug":"ronald-sharp-jr","status":"publish","type":"equipe","link":"https:\/\/tavaresborba.com.br\/en\/equipe\/ronald-sharp-jr\/","title":{"rendered":"Ronald Sharp Jr"},"content":{"rendered":"<p>He works in the advisory and administrative areas, specializing in the business and labor law sectors. He was a member of the Board of Trade of Rio de Janeiro and Head of the Mediation Sector and Analyst of sanctioning processes at the Ministry of Labor and Employment in Rio de Janeiro. He is the author of, among others, the books *A\u00e7\u00e3o fiscalizadora e processo administrativo-trabalhista*, *A disciplina do nome empresarial: natureza e tutela jur\u00eddica*, *Dano Moral*, *Jurisprud\u00eancia Administrativa da Fiscaliza\u00e7\u00e3o do Trabalho*, *Elementos de Direito Comercial*, in addition to having several legal articles published in specialized journals and media. He holds a Master&#039;s degree in Business Law, Labor Law and Intellectual Property from UERJ, and is a lecturer and professor with experience at various institutions such as FGV, Ibmec, Emerj, and the Judicial School of the TRT-RJ. He is vice-president of the Humboldt Beneficent Society, which maintains Col\u00e9gio Cruzeiro in Rio de Janeiro, and curator of the Business &amp; Labor Law Clipping.<\/p>","protected":false},"featured_media":2607,"template":"","class_list":["post-2601","equipe","type-equipe","status-publish","has-post-thumbnail","hentry"],"_links":{"self":[{"href":"https:\/\/tavaresborba.com.br\/en\/wp-json\/wp\/v2\/equipe\/2601","targetHints":{"allow":["GET"]}}],"collection":[{"href":"https:\/\/tavaresborba.com.br\/en\/wp-json\/wp\/v2\/equipe"}],"about":[{"href":"https:\/\/tavaresborba.com.br\/en\/wp-json\/wp\/v2\/types\/equipe"}],"version-history":[{"count":5,"href":"https:\/\/tavaresborba.com.br\/en\/wp-json\/wp\/v2\/equipe\/2601\/revisions"}],"predecessor-version":[{"id":3499,"href":"https:\/\/tavaresborba.com.br\/en\/wp-json\/wp\/v2\/equipe\/2601\/revisions\/3499"}],"wp:featuredmedia":[{"embeddable":true,"href":"https:\/\/tavaresborba.com.br\/en\/wp-json\/wp\/v2\/media\/2607"}],"wp:attachment":[{"href":"https:\/\/tavaresborba.com.br\/en\/wp-json\/wp\/v2\/media?parent=2601"}],"curies":[{"name":"wp","href":"https:\/\/api.w.org\/{rel}","templated":true}]}}

<p>He works in the advisory and administrative areas, specializing in the business and labor law sectors. He was a member of the Board of Trade of Rio de Janeiro and Head of the Mediation Sector and Analyst of sanctioning processes at the Ministry of Labor and Employment in Rio de Janeiro. He is the author of, among others, the books *Ação fiscalizadora e processo administrativo-trabalhista*, *A disciplina do nome empresarial: natureza e tutela jurídica*, *Dano Moral*, *Jurisprudência Administrativa da Fiscalização do Trabalho*, *Elementos de Direito Comercial*, in addition to having several legal articles published in specialized journals and media. He holds a Master&#039;s degree in Business Law, Labor Law and Intellectual Property from UERJ, and is a lecturer and professor with experience at various institutions such as FGV, Ibmec, Emerj, and the Judicial School of the TRT-RJ. He is vice-president of the Humboldt Beneficent Society, which maintains Colégio Cruzeiro in Rio de Janeiro, and curator of the Business &amp; Labor Law Clipping.</p>
